emainder when 13250 is divided by 4185?
695
What is the remainder when 7779 is divided by 139?
134
Calculate the remainder when 38633 is divided by 37.
5
Calculate the remainder when 19925 is divided by 230.
145
What is the remainder when 25690 is divided by 920?
850
What is the remainder when 22228 is divided by 52?
24
What is the remainder when 379 is divided by 51?
22
What is the remainder when 330840 is divided by 269?
239
Calculate the remainder when 27975 is divided by 45.
30
Calculate the remainder when 3229 is divided by 828.
745
Calculate the remainder when 8663 is divided by 170.
163
What is the remainder when 49851 is divided by 2631?
2493
What is the remainder when 6890 is divided by 18?
14
What is the remainder when 30811 is divided by 321?
316
Calculate the remainder when 12262 is divided by 48.
22
What is the remainder when 8238 is divided by 1630?
88
Calculate the remainder when 684509 is divided by 43.
35
Calculate the remainder when 2896 is divided by 18.
16
Calculate the remainder when 20599 is divided by 16.
7
Calculate the remainder when 5362 is divided by 15.
7
What is the remainder when 5035 is divided by 1250?
35
What is the remainder when 27735 is divided by 2?
1
Calculate the remainder when 547806 is divided by 1616.
1598
Calculate the remainder when 371565 is divided by 835.
825
What is the remainder when 744598 is divided by 13?
10
Calculate the remainder when 862 is divided by 307.
248
What is the remainder when 359 is divided by 324?
35
What is the remainder when 372880 is divided by 1819?
1804
Calculate the remainder when 450 is divided by 167.
116
Calculate the remainder when 27514 is divided by 87.
22
What is the remainder when 10317 is divided by 2498?
325
What is the remainder when 136941 is divided by 717?
711
What is the remainder when 8636 is divided by 393?
383
What is the remainder when 18874 is divided by 9248?
378
What is the remainder when 58412 is divided by 2086?
4
Calculate the remainder when 2440 is divided by 55.
20
Calculate the remainder when 805 is divided by 21.
7
Calculate the remainder when 11333 is divided by 17.
11
Calculate the remainder when 784517 is divided by 73.
59
What is the remainder when 357059 is divided by 44?
43
What is the remainder when 48939 is divided by 4434?
165
What is the remainder when 13208 is divided by 118?
110
Calculate the remainder when 22273 is divided by 27.
25
What is the remainder when 2204 is divided by 2047?
157
What is the remainder when 2088 is divided by 55?
53
What is the remainder when 87972 is divided by 206?
10
Calculate the remainder when 182329 is divided by 2096.
2073
What is the remainder when 1496 is divided by 52?
40
Calculate the remainder when 33514 is divided by 147.
145
Calculate the remainder when 4068 is divided by 451.
9
Calculate the remainder when 20841 is divided by 18.
15
Calculate the remainder when 25833 is divided by 9.
3
Calculate the remainder when 40394 is divided by 13428.
110
What is the remainder when 16759 is divided by 2792?
7
Calculate the remainder when 809655 is divided by 298.
287
What is the remainder when 30813 is divided by 1100?
13
Calculate the remainder when 46957 is divided by 937.
107
Calculate the remainder when 31126 is divided by 10017.
1075
Calculate the remainder when 2307 is divided by 653.
348
Calculate the remainder when 42963 is divided by 65.
63
What is the remainder when 40280 is divided by 40?
0
Calculate the remainder when 1916 is divided by 184.
76
Calculate the remainder when 136086 is divided by 62.
58
Calculate the remainder when 30128 is divided by 73.
52
What is the remainder when 8201 is divided by 11?
6
What is the remainder when 12071 is divided by 21?
17
Calculate the remainder when 3269098 is divided by 15.
13
Calculate the remainder when 43193 is divided by 14391.
20
Calculate the remainder when 7588 is divided by 3782.
24
What is the remainder when 1262245 is divided by 55?
50
Calculate the remainder when 252 is divided by 132.
120
Calculate the remainder when 1493854 is divided by 785.
784
What is the remainder when 136801 is divided by 89?
8
What is the remainder when 27875 is divided by 941?
586
What is the remainder when 157613 is divided by 145?
143
What is the remainder when 13614 is divided by 834?
270
What is the remainder when 2790 is divided by 928?
6
What is the remainder when 7231 is divided by 181?
172
What is the remainder when 28794 is divided by 90?
84
Calculate the remainder when 923 is divided by 221.
39
What is the remainder when 4262 is divided by 1396?
74
What is the remainder when 141664 is divided by 1141?
180
What is the remainder when 114966 is divided by 50?
16
What is the remainder when 107948 is divided by 519?
515
What is the remainder when 1262 is divided by 829?
433
Calculate the remainder when 6005 is divided by 2824.
357
Calculate the remainder when 22271 is divided by 372.
323
Calculate the remainder when 2148 is divided by 50.
48
What is the remainder when 12027 is divided by 668?
3
What is the remainder when 7805 is divided by 2459?
428
What is the remainder when 42117 is divided by 38?
13
What is the remainder when 269176 is divided by 51?
49
Calculate the remainder when 19114 is divided by 24.
10
What is the remainder when 91680 is divided by 382?
0
Calculate the remainder when 1051123 is divided by 15.
13
What is the remainder when 119597 is divided by 28?
9
What is the remainder when 37942 is divided by 51?
49
Calculate the remainder when 79509 is divided by 79495.
14
What is the remainder when 66870 is divided by 1239?
1203
Calculate the remainder when 187 is divided by 62.
1
What is the remainder when 232398 is divided by 268?
42
Calculate the remainder when 3620 is divided by 385.
155
What is the remainder when 47110 is divided by 197?
27
What is the remainder when 358027 is divided by 16?
11
Calculate the remainder when 12027 is divided by 5949.
129
What is the remainder when 6661 is divided by 7?
4
Calculate the remainder when 1221 is divided by 176.
165
What is the remainder when 185807 is divided by 336?
335
What is the remainder when 1928 is divided by 2?
0
What is the remainder when 44745 is divided by 44743?
2
Calculate the remainder when 801731 is divided by 1419.
1415
Calculate the remainder when 10260 is divided by 1679.
186
Calculate the remainder when 370529 is divided by 179.
178
What is the remainder when 1964 is divided by 561?
281
Calculate the remainder when 86398 is divided by 86373.
25
Calculate the remainder when 446549 is divided by 39.
38
Calculate the remainder when 1771 is divided by 167.
101
Calculate the remainder when 180286 is divided by 18027.
16
What is the remainder when 5672 is divided by 5665?
7
What is the remainder when 751 is divided by 347?
57
Calculate the remainder when 176513 is divided by 186.
185
Calculate the remainder when 433 is divided by 340.
93
Calculate the remainder when 1374 is divided by 9.
6
What is the remainder when 3157 is divided by 244?
229
Calculate the remainder when 795205 is divided by 22.
15
Calculate the remainder when 59749 is divided by 77.
74
What is the remainder when 928346 is divided by 51?
44
Calculate the remainder when 176355 is divided by 303.
9
Calculate the remainder when 38686 is divided by 24.
22
What is the remainder when 43313 is divided by 560?
193
What is the remainder when 6068 is divided by 850?
118
What is the remainder when 2966 is divided by 298?
284
What is the remainder when 1055 is divided by 40?
15
Calculate the remainder when 2678 is divided by 259.
88
Calculate the remainder when 15199 is divided by 5.
4
Calculate the remainder when 688942 is divided by 12.
10
Calculate the remainder when 87713 is divided by 87712.
1
What is the remainder when 6802 is divided by 342?
304
Calculate the remainder when 2957 is divided by 955.
92
What is the remainder when 46125 is divided by 496?
493
What is the remainder when 54987 is divided by 18328?
3
Calculate the remainder when 672 is divided by 169.
165
Calculate the remainder when 23538 is divided by 78.
60
Calculate the remainder when 4040 is divided by 4.
0
What is the remainder when 3387 is divided by 310?
287
Calculate the remainder when 152627 is divided by 10.
7
Calculate the remainder when 2043106 is